ulate -5 + 7 + (-1 - (-5 - (7 - 13))).
0
What is (-252 - -273) + (-10 - -1)?
12
What is 12 - ((-14 - (-5 + -20)) + -13)?
14
Evaluate 0 + 19 + (-7 - 21).
-9
Evaluate (-8 - (-2 - 19 - -8)) + 2.
7
Evaluate (1 - 4) + -7 - (132 + -135).
-7
Evaluate (-4 + -2 - (9 + -9)) + (13 - -1).
8
Evaluate -2 + -1 - (13 + (-8 - 4)).
-4
What is (10 - 20) + 3 + -4 - (19 + -51)?
21
-3 - 15 - (-67 - -35)
14
Evaluate 3 - -22 - (-149 - -163).
11
What is the value of -3 + (-9 - -5) + -1 + 11 + 3?
6
Evaluate 6 + 1 + 2 + -5 - 2.
2
What is -8 + -1 + 3 + 0 - (-49 + 53)?
-10
What is the value of -3 + 19 + 1 - 32?
-15
Calculate (-1 - -8) + -8 + 2 + (-28 - -7).
-20
Evaluate 14 + 16 + (-7 - (5 + -6)).
24
-2 + (-8 - (-27 - -11)) + 5
11
What is the value of 5 - 1 - (2 - (-6 - -5) - -3)?
-2
15 - (-68 - -29 - -33)
21
What is (-1 - 0) + -6 + (-74 - -39 - -38)?
-4
Evaluate -20 - (57 + -26 + -77).
26
What is the value of (27 - 15) + -15 - (0 - 5)?
2
Evaluate 34 + (-17 - (9 - 20)) + 3 + 5.
36
What is the value of -4 + 0 + (48 - (13 - -16))?
15
-1 + (-3 - 0) - (25 + -67 + 47)
-9
What is -28 - (-18 + 20 + -20)?
-10
(35 - (32 - 11)) + -47
-33
Calculate -306 - -294 - (3 + (-20 - -2)).
3
What is 18 - (3 - (24 + (5 - 9)))?
35
What is 0 - -18 - (28 + 4)?
-14
Evaluate -13 - (17 + (-22 - 1)) - (7 + 0).
-14
(13 - 10 - -4) + 2 + (-2 - -2)
9
What is -4 + -554 + 575 + -17 + 1?
1
What is -3 + 0 - ((7 - (1 - -14)) + -7)?
12
(-3 - (0 - -3)) + -9
-15
-34 - (-39 + 53) - -18
-30
Calculate 2 + 1 + (36 - 28) + -19.
-8
Evaluate (-6 - -6 - -6) + -4 + -1.
1
-22 - (-37 - -50 - 41)
6
What is the value of 11 - (17 + -13 - 7)?
14
Evaluate 6 - ((18 - -5) + -12).
-5
Calculate -4 + (1 - 0) + -48 + -11 + 73.
11
What is the value of (26 - (25 - 20)) + -2 + -24?
-5
What is the value of 37 - ((0 - 4) + 2) - (-266 - -275)?
30
3 - (-19 + 7 + 3 + 4)
8
Evaluate -5 + (-2 + (-2 - (-3 + 1)) - -4).
-3
Evaluate (27 - ((2 - 5) + 8)) + -29 + 18.
11
Evaluate (0 - (3 - -3)) + -1 + -2 + 9.
0
What is the value of -31 - -2 - (-245 - -227)?
-11
What is the value of (9 - 8 - (-1 - 2)) + 3?
7
What is the value of -37 + (3 - 1) + (-832 - -844)?
-23
Calculate -5 + 12 + 0 + -4 + (4 - -1).
8
(0 - 6 - -20) + -8 - 13
-7
Evaluate 33 - (21 - (-5 - -25)).
32
6 + -3 + 4 + -4 + (5 - 11)
-3
Calculate (21 - 30 - (-3 + -1)) + 5.
0
What is the value of (-8 - (5 - (-6 - -20))) + 0 + 3?
4
Calculate (-11 - 4 - 2) + -6 + 11.
-12
(-1 - (-2 - -5)) + 13 + 0
9
What is 1 - (-12 + (-9 - -6) + (0 - -1))?
15
1 + -30 + 12 - (-18 + 4)
-3
What is -9159 + 9142 + -1 + 10 + -1?
-9
-4 - (12 + -36) - 10
10
Calculate (-3 - -5) + 1 + (-8 - 5).
-10
(-22 - (-66 - 8)) + -39
13
Calculate 9 - (-12 + 9 - -2).
10
Calculate -10 + -3 + 6 + 1 + -9.
-15
What is the value of -4 - (3 - 24 - 1)?
18
What is the value of (43 + -15 - 20) + -36?
-28
Evaluate (-3 - -4) + (-3 + 8 - 15 - 4).
-13
Calculate -2 + (8 - (0 - (6 - 20))).
-8
Evaluate (-152 - -147) + 6 + 1 - -29.
31
Evaluate 4 + (-22 - 0) + 45 + -36 + 2.
-7
What is (5 - (1 + 3 + 20)) + (-4 - -12)?
-11
What is -62 + 40 - (-4 - 13)?
-5
What is 20 + 48 + -60 + 0 + 2 + 2?
12
What is the value of 1 - ((1 - (-4 + -1)) + (-53 - -58))?
-10
What is (-4 - (-7 - 0)) + -8 - (9 + -26)?
12
What is (-16 - 3) + 331 + -337?
-25
Evaluate -3 + (-1 - 6) + 10 - 1.
-1
-23 + -1 + 46 + -8 + -27
-13
Evaluate 2 - 66 - (10 - 43).
-31
Evaluate 1 + 4 + 19 + -36.
-12
Calculate -4 - ((20 - 9) + 6 - 11).
-10
(-168 - -217) + -22 + -5
22
Calculate -32 + 37 + 13 + 13 + 1 + -4.
28
18 - (1 + 9) - (23 + -1)
-14
What is -10 + (-52 + 30 - -4)?
-28
Calculate -2 - (-2 + -4 - (5 + (2 - 23))).
-12
What is the value of -22 + 12 + 10 + 5 - 16?
-11
Calculate (5 - 4) + -17 + 10 - -25 - -10.
29
What is the value of 690 - 695 - (1 - -7 - (0 + 2))?
-11
-12 + 19 - (2 - (-4 - -2)) - 5
-2
What is (15 - 2 - (-108 + 127)) + 8 + 1?
3
Calculate -11 - (-46 - -8) - 22.
5
What is the value of (21 - 22) + -17 - -10?
-8
What is the value of 16 - (-14 + (50 - 13))?
-7
Calculate 4 + -8 + 2 + -3 + -2 + 0.
-7
Evaluate 42 + (-8 - 26) + -36.
-28
Calculate -1 - (10 + 4 + -10).
-5
What is the value of 9 + 6 + -16 - (2 + -1) - 0?
-2
What is the value of 2 + (2 + (-1 - -1) + -5 - 1)?
-2
What is -9 + 18 + -2 + -6 + -1?
0
Evaluate (4 - 19) + 3 + -2 + -14.
-28
What is 16 + (-7 - 1) + (12 - 24)?
-4
-17 + (29 - 12 - 10)
-10
(3 + -9 - 1) + 3 + -39 + 33
-10
What is (1 - (1 - 5)) + (112 - 113)?
4
Evaluate 5 + -15 - (1 - -2).
-13
-13 + (16 - (18 + -10))
-5
What is -2 + 6 + (3 - 9) + -3 + 0?
-5
Calculate 13 + 8 + (-34 - 13) + (2 - -5).
-19
Evaluate (2 - -1) + (2 - (10 - 3)) - 1.
-3
Evaluate -1 + 8 + -2 + (25 - 34).
-4
What is the value of ((4 - 19) + 4 - -1) + (49 - 42)?
-3
Calculate 22 + -6 + -12 - (28 - 40).
16
-15 + (13 - 2) + 8
4
Calculate 9 + (-8 - -31) - 27.
5
(-2 - -16) + 89 + -102
1
14 + (-9 - -2 - (53 - 56))
10
0 + 1 + 10 + (-19 - 55 - -70)
7
What is -10 + 13 - 2 - (-9 + -1)?
11
What is 3 + (10 - (16 - (10 + -1)))?
6
Evaluate -2 + (5 - (16 - -5)) + -1.
-19
What is (2 - 3) + (0 - -1) - (-6 + 21)?
-15
What is 9 - (-1 + 7 + (-11 - 1) + 1)?
14
Calculate 17 + (-10 - -21) + (-5 - 5).
18
What is the value of 1 + ((6 - -1 - 1) + 1 - -11)?
19
Calculate -11 + -3 + -14 + 2.
-26
Calculate -44 + 52 - (6 + 0) - 13.
-11
(-1 - -1) + 85 + -106
-21
Evaluate 12 + 5 + -17 + (6 - 2).
4
What is (-4 - (-6 + 6 + 1 - 2)) + -9?
-12
Evaluate -26 - -38 - (36 - (-9 - 1)).
-34
Calculate -11 + (-31 - -28) + -3.
-17
What is 46 + -38 + -20 + (9 - 0) + 0?
-3
What is the value of (4 - -1) + -2 + -4 + 0 + -7?
-8
22 - 31 - (5 + -6 - 10)
2
-54 - -4 - (29 + -59)
-20
What is the value of (1 - (1 + 7)) + 90 + -85?
-2
What is 9 + (-12 - (-3 + 8))?
-8
What is the value of (-10 - (28 - 5) - -4) + 10?
-19
What is the value of 851 - 853 - (-1 - 19)?
18
Calculate 42 + -36 - (2 + 2).
2
What is 3 + -23 + 2 + 14 + -22 + 13?
-13
What is -1 + 11 + (-1 + (-4 - -7) - 8)?
4
Calculate (110 - 158) + 6 + 23.
-19
5 - (15 + -8) - (20 + -9)
-13
What is the value of (0 - -5) + -15 - (15 + -23) - -17?
15
What is the value of -36 + (34 - 17) + -10?
-29
Calculate (4 - 5 - ((2 - 1) + -9)) + -4.
3
Calculate -4 - (-9 + (2 - ((1 - 7) + 1))).
-2
-1 + -6 - (-25 + 3)
15
What is the value of 3 + (1 - 1) + -7 + -9 + 24?
11
Evaluate -62 + 47 - (-1 - 7).
-7
What is the value of -84 - (-112 + 42) - (0 + 11)?
-25
Calculate -33 + -15 - -49 - (18 - (-2 - 0)).
-19
Calculate -100 - -109 - (-21 + -3 + 7).
26
36 - (2 + 32 + -28)
30
Calculate 20 + (-30 - 3 - (-12 - -5)).
-6
Calculate -3 - -2 - (8 + 0 + -10 - 0).
1
What is the value of -1 + 2 - -6 - (-6 + 24 - 30)?
19
Calculate -16 + (9 + 28 - 18) - (0 - -3).
0
Calculate 10 + -4 - (15 - (-11 - -7)).
-13
What is 0 + 8 + (-58 - -29) + 19?
-2
Evaluate -9 + 1 + (10 + -4 - -9) + -6.
1
-11 - (-2 + (1 - 2) - (-55 + 47))
-16
Calculate -12 + 32 + -19 + (24 - 4).
21
What is -10 - (-16 + 26 + 3)?
-23
(-5 - -8) + -16 + 7
-6
What is 15 - (24 + -16 - (1 + (0 - -6)))?
14
What is 5 - (13 + -11) - 13 - 8?
-18
What is the value of 22 + (3 + -1 - (24 - 15))?
15
Calculate 48 + -38 + (5 - (2 - 2)).
15
-35 - (-9 + (-30 - -16))
-12
Evaluate -20 - (-9 - (10 + -19 + 1)).
-19
Calculate 4 - ((6 - (0 - -3)) + 3 + -1).
-1
What is the value of -4 + (0 - 1) + (21 - 24)?
-8
(28 - 20) + 21 + -11
18
What is (27 - -8) + -16 - 19?
0
Evaluate 7 + -4 + 7 + 4 + -1 + -7.
6
-7 - ((1 - (-1 - -6 - 6)) + -6)
-3
Calculate 5 - 5 - (-12 + 9 - -5).
-2
16 - (-15 + (-15 - -41))
5
Calculate (-1 - (7 + -2)) + 2 + -15.
-19
Evaluate 8 - (8 + (-23 - (-4 - (5 + -9)))).
23
What is the value of (-1 - -4 - 0) + (55 - 71)?
-13
What is 505 - 494 - (0 + 20)?
-9
What is -18 - (-31 + -17 + 34)?
-4
Evaluate 0 + (-14 - -6) + 10 + 5.
7
-1 + 4 + (2 - 1) - -8
12
Calculate 28 + -16 + -12 - (2 + 0 + 2).
-4
Evaluate 27 - (-9 - (-35 + 13)).
14
Calculate (83 - 114) + (0 - -4 - -1 - 1).
-27
What is the value of -1 + (-1 - -5) - (131 - 133) - 4?
1
Calculate -10 - ((1 - 3) + -40 + (12 - -23)).
-3
What is the value of -4 - (-2 + -11 + 13) - 8?
-12
What is -1 + -13 + 20 + 14 + -30?
-10
What is the value of ((5 - (6 + 6)) + 2 - -1) + -4?
-8
What is the value of -5 + -3 + 35 + -6?
21
Evaluate -5 + 1 + -23 + (35 - (-10 - -27)).
-9
What is the value of -84 - -107 - (0 - -42)?
-19
What is 6 - (0 + -3 + (16 - 12 - -3))?
2
Calculate -31 - (-16 - -2) - -24.
7
Evaluate 0 + -3 + (8 - 5).
0
-24 + (3 + 3 - (8 - (7 - 10)))
-29
